iple of 10?
True
Is 341 a factor of 175847?
False
Is 419 a factor of 288498?
False
Is 1761161 a multiple of 41?
False
Is 1229002 a multiple of 214?
True
Is 137 a factor of 1394807?
False
Is 5557 even?
False
Does 938 divide 2723389?
False
Is 6 a factor of 2648129?
False
Does 271 divide 2007568?
True
Is 44 a factor of 3284344?
False
Does 167 divide 4690696?
True
Does 68 divide 1202240?
True
Does 285 divide 2031765?
True
Does 168 divide 118272?
True
Is 90038 a multiple of 26?
True
Is 585871 a multiple of 11?
True
Is 10457396 a multiple of 607?
True
Is 205 a factor of 11169425?
True
Does 416 divide 822357?
False
Is 147856 a multiple of 16?
True
Is 10049327 a multiple of 359?
False
Is 252594 a multiple of 18?
True
Is 9027 a multiple of 3?
True
Is 227477 a multiple of 2?
False
Is 80 a factor of 10442?
False
Is 239610 a multiple of 10?
True
Is 18546 a multiple of 66?
True
Is 18 a factor of 1018026?
True
Does 5 divide 5144810?
True
Is 131316 a multiple of 184?
False
Is 9 a factor of 133221?
False
Is 859800 a multiple of 8?
True
Is 3225952 a multiple of 92?
False
Is 86 a factor of 11950221?
False
Is 58737 even?
False
Is 13392393 a multiple of 456?
False
Does 74 divide 35298?
True
Is 39575 a multiple of 26?
False
Does 193 divide 1455066?
False
Is 4 a factor of 540380?
True
Does 88 divide 912864?
False
Is 249856 a multiple of 74?
False
Is 616518 a multiple of 126?
True
Does 16 divide 195028?
False
Does 917 divide 82719?
False
Is 2480312 a multiple of 58?
True
Is 7184496 a multiple of 44?
True
Does 88 divide 877976?
True
Is 4557828 a multiple of 292?
True
Is 42804 a multiple of 3?
True
Is 27 a factor of 54081?
True
Does 53 divide 12358063?
True
Is 82 a factor of 413854?
True
Does 1157 divide 1397656?
True
Is 23 a factor of 233999?
False
Does 740 divide 1850018?
False
Does 201 divide 1190973?
False
Does 3 divide 2124541?
False
Does 3 divide 48427?
False
Is 875870 a multiple of 385?
False
Does 58 divide 43618?
False
Does 31 divide 1656919?
True
Is 12 a factor of 3899?
False
Is 35772 a multiple of 13?
False
Is 54 a factor of 870?
False
Is 26 a factor of 1290068?
True
Does 38 divide 19975?
False
Is 192855 a multiple of 3?
True
Is 296 a factor of 296296?
True
Is 140 a factor of 2815540?
True
Is 9 a factor of 17114?
False
Is 7969386 a multiple of 394?
False
Is 31659 a multiple of 519?
True
Is 161 a factor of 4603?
False
Does 62 divide 9367890?
True
Is 1184336 a multiple of 65?
False
Is 2592240 a multiple of 120?
True
Is 18883 a multiple of 23?
True
Is 4 a factor of 15108?
True
Does 813 divide 384549?
True
Does 10 divide 58380?
True
Is 1803854 a multiple of 243?
False
Does 8 divide 541961?
False
Does 102 divide 193015?
False
Does 117 divide 288405?
True
Is 17108 a multiple of 188?
True
Is 302 a factor of 593447?
False
Is 7 a factor of 12605380?
False
Does 31 divide 1238140?
True
Is 120524 a multiple of 58?
True
Does 8 divide 1449720?
True
Is 843302 a multiple of 3?
False
Is 13556900 a multiple of 535?
True
Does 426 divide 1262650?
False
Does 40 divide 550185?
False
Is 211685 a multiple of 66?
False
Is 9 a factor of 184900?
False
Does 5 divide 2911605?
True
Is 536069 a multiple of 39?
False
Is 24025 a multiple of 23?
False
Is 179 a factor of 92006?
True
Does 182 divide 9937382?
True
Does 248 divide 1258677?
False
Is 19 a factor of 214170?
False
Does 504 divide 1520158?
False
Is 145120 a multiple of 10?
True
Is 2963182 a multiple of 851?
True
Does 46 divide 1431888?
True
Is 26 a factor of 33320?
False
Is 69 a factor of 1534201?
False
Is 1084112 a multiple of 50?
False
Does 154 divide 2859780?
True
Is 304 a factor of 2788545?
False
Does 459 divide 179928?
True
Does 26 divide 457370?
False
Is 8 a factor of 87090?
False
Is 32 a factor of 471849?
False
Is 455 a factor of 551460?
True
Is 1210914 a multiple of 187?
False
Is 6 a factor of 2045598?
True
Is 67 a factor of 593687?
True
Does 114 divide 118104?
True
Does 16 divide 4017930?
False
Does 291 divide 2808102?
False
Is 887009 a multiple of 17?
True
Does 41 divide 159806?
False
Is 5131602 a multiple of 6?
True
Is 650880 a multiple of 48?
True
Is 1522570 a multiple of 10?
True
Does 129 divide 2448807?
True
Does 30 divide 17370?
True
Does 73 divide 389819?
False
Does 8 divide 57168?
True
Is 756961 a multiple of 29?
False
Is 106580 a multiple of 106?
False
Is 345763 a multiple of 187?
True
Is 2 a factor of 54830?
True
Is 6 a factor of 224509?
False
Is 4306758 a multiple of 43?
False
Is 106 a factor of 88510?
True
Is 718789 a multiple of 125?
False
Is 1231296 a multiple of 359?
False
Is 64602 a multiple of 5?
False
Is 483 a factor of 660744?
True
Does 37 divide 6033313?
False
Is 75 a factor of 2748225?
True
Is 790848 a multiple of 144?
True
Is 392400 a multiple of 20?
True
Is 194109 a multiple of 124?
False
Is 788481 a multiple of 27?
True
Is 1659354 a multiple of 23?
False
Is 19866941 a multiple of 44?
False
Is 60 a factor of 1844859?
False
Is 414988 a multiple of 167?
False
Does 16 divide 112993?
False
Does 119 divide 268758?
False
Is 2297048 a multiple of 104?
True
Is 70439 a multiple of 612?
False
Does 29 divide 224707?
False
Is 628 a factor of 409456?
True
Is 50139 a multiple of 81?
True
Is 248095 a multiple of 295?
True
Is 1255009 a multiple of 20?
False
Does 456 divide 611040?
True
Is 6 a factor of 10314?
True
Is 62 a factor of 721156?
False
Is 543 a factor of 7199341?
False
Is 650 a factor of 16591900?
True
Is 23 a factor of 482815?
False
Is 5 a factor of 6129?
False
Does 245 divide 1935090?
False
Is 208714 a multiple of 26?
False
Is 86 a factor of 52165?
False
Does 182 divide 2748746?
True
Is 8 a factor of 118408?
True
Does 413 divide 2280999?
True
Is 146810 a multiple of 38?
False
Is 17 a factor of 814793?
True
Is 3724705 a multiple of 37?
False
Is 98 a factor of 157316?
False
Is 126 a factor of 520632?
True
Is 311098 a multiple of 179?
False
Does 60 divide 443280?
True
Is 78 a factor of 639600?
True
Is 2 a factor of 1784202?
True
Is 16702629 a multiple of 67?
False
Is 11 a factor of 80707?
True
Is 14 a factor of 1363922?
True
Is 25 a factor of 64250?
True
Is 6 a factor of 1135320?
True
Is 37 a factor of 7922373?
False
Does 15 divide 25342?
False
Does 422 divide 529183?
False
Does 9 divide 416547?
True
Is 28 a factor of 879640?
False
Is 79856 a multiple of 46?
True
Does 23 divide 12437457?
True
Is 1345410 a multiple of 33?
True
Is 37733 a multiple of 99?
False
Does 51 divide 3726570?
True
Is 6728064 a multiple of 32?
True
Is 3 a factor of 459952?
False
Is 267 a factor of 1253031?
True
Is 200811 a multiple of 166?
False
Does 5 divide 36113?
False
Is 72 a factor of 490608?
True
Does 61 divide 2191852?
True
Is 435 a factor of 582030?
True
Does 143 divide 662662?
True
Is 11 a factor of 45185?
False
Is 10 a factor of 1248680?
True
Is 318 a factor of 2046798?
False
Is 894115 a multiple of 459?
False
Is 21 a factor of 68733?
True
Is 165 a factor of 814634?
False
Is 1346240 a multiple of 168?
False
Does 8 divide 127914?
False
Is 7017611 a multiple of 6?
False
Is 747450 a multiple of 25?
True
Is 66006 a multiple of 171?
True
Is 6 a factor of 88605?
False
Does 251 divide 11372446?
False
Is 20 a factor of 89160?
True
Is 16 a factor of 5861456?
True
Does 394 divide 210369?
False
Does 104 divide 2695992?
True
Is 4 a factor of 39185?
False
Does 205 divide 9298665?
False
Is 241276 a multiple of 613?
False
Does 31 divide 424142?
True
Is 56368 a multiple of 8?
True
Does 24 divide 16644792?
True
Is 6 a factor of 454536?
True
Is 339 a factor of 10724763?
False
Is 11 a factor of 545385?
False
Is 73 a factor of 56408?
False
Does 45 divide 17323?
False
Is 334949 a multiple of 21?
False
Is 28 a factor of 6455652?
True
Is 38 a factor of 9291?
False
Is 35 a factor of 153814?
False
Is 29 a factor of 273947?
False
Does 30 divide 8728051?
False
Does 8 divide 29376?
True
Is 2417882 a multiple of 113?
False
Is 5021908 a multiple of 97?
False
Is 6 a factor of 91248?
True
Is 10 a factor of 1638932?
False
Does 149 divide 3730762?
False
Is 43 a factor of 104799?
False
Is 28 a factor of 771538?
False
Is 389070 a multiple of 22?
True
Is 11 a factor of 20370396?
False
Does 148 divide 74181?
False
Does 2 divide 1171156?
True
Is 11 a factor of 264803?
True
Does 75 divide 2413267?
False
Is 36 a factor of 226026?
False
Is 155160 a multiple of 45?